{"id":1424,"date":"2024-04-07T18:56:51","date_gmt":"2024-04-07T18:56:51","guid":{"rendered":"https:\/\/santoantaotours.cv\/trekking\/?page_id=1424"},"modified":"2024-06-01T12:32:20","modified_gmt":"2024-06-01T12:32:20","slug":"hike-15","status":"publish","type":"page","link":"https:\/\/santoantaotours.cv\/trekking\/hike-15\/","title":{"rendered":"hike 15"},"content":{"rendered":"\t\t<div data-elementor-type=\"wp-page\" data-elementor-id=\"1424\" class=\"elementor elementor-1424\">\n\t\t\t\t<div class=\"elementor-element elementor-element-9010cd0 e-flex e-con-boxed e-con e-parent\" data-id=\"9010cd0\" data-element_type=\"container\" data-settings=\"{&quot;background_background&quot;:&quot;classic&quot;,&quot;content_width&quot;:&quot;boxed&quot;}\" data-core-v316-plus=\"true\">\n\t\t\t\t\t<div class=\"e-con-inner\">\n\t\t<div class=\"elementor-element elementor-element-5a69cc7 e-con-full e-flex e-con e-child\" data-id=\"5a69cc7\" data-element_type=\"container\" data-settings=\"{&quot;content_width&quot;:&quot;full&quot;}\">\n\t\t\t\t<div class=\"elementor-element elementor-element-f184ec7 elementor-widget elementor-widget-heading\" data-id=\"f184ec7\" data-element_type=\"widget\" data-widget_type=\"heading.default\">\n\t\t\t\t<div class=\"elementor-widget-container\">\n\t\t\t<style>\/*! elementor - v3.19.0 - 07-02-2024 *\/\n.elementor-heading-title{padding:0;margin:0;line-height:1}.elementor-widget-heading .elementor-heading-title[class*=elementor-size-]>a{color:inherit;font-size:inherit;line-height:inherit}.elementor-widget-heading .elementor-heading-title.elementor-size-small{font-size:15px}.elementor-widget-heading .elementor-heading-title.elementor-size-medium{font-size:19px}.elementor-widget-heading .elementor-heading-title.elementor-size-large{font-size:29px}.elementor-widget-heading .elementor-heading-title.elementor-size-xl{font-size:39px}.elementor-widget-heading .elementor-heading-title.elementor-size-xxl{font-size:59px}<\/style><h1 class=\"elementor-heading-title elementor-size-default\">HIKING<\/h1>\t\t<\/div>\n\t\t\t\t<\/div>\n\t\t\t\t<\/div>\n\t\t\t\t\t<\/div>\n\t\t\t\t<\/div>\n\t\t<div class=\"elementor-element elementor-element-a93d38f e-flex e-con-boxed e-con e-parent\" data-id=\"a93d38f\" data-element_type=\"container\" data-settings=\"{&quot;content_width&quot;:&quot;boxed&quot;}\" data-core-v316-plus=\"true\">\n\t\t\t\t\t<div class=\"e-con-inner\">\n\t\t\t\t<div class=\"elementor-element elementor-element-a7f51a0 elementor-widget elementor-widget-spacer\" data-id=\"a7f51a0\" data-element_type=\"widget\" data-widget_type=\"spacer.default\">\n\t\t\t\t<div class=\"elementor-widget-container\">\n\t\t\t<style>\/*! elementor - v3.19.0 - 07-02-2024 *\/\n.elementor-column .elementor-spacer-inner{height:var(--spacer-size)}.e-con{--container-widget-width:100%}.e-con-inner>.elementor-widget-spacer,.e-con>.elementor-widget-spacer{width:var(--container-widget-width,var(--spacer-size));--align-self:var(--container-widget-align-self,initial);--flex-shrink:0}.e-con-inner>.elementor-widget-spacer>.elementor-widget-container,.e-con>.elementor-widget-spacer>.elementor-widget-container{height:100%;width:100%}.e-con-inner>.elementor-widget-spacer>.elementor-widget-container>.elementor-spacer,.e-con>.elementor-widget-spacer>.elementor-widget-container>.elementor-spacer{height:100%}.e-con-inner>.elementor-widget-spacer>.elementor-widget-container>.elementor-spacer>.elementor-spacer-inner,.e-con>.elementor-widget-spacer>.elementor-widget-container>.elementor-spacer>.elementor-spacer-inner{height:var(--container-widget-height,var(--spacer-size))}.e-con-inner>.elementor-widget-spacer.elementor-widget-empty,.e-con>.elementor-widget-spacer.elementor-widget-empty{position:relative;min-height:22px;min-width:22px}.e-con-inner>.elementor-widget-spacer.elementor-widget-empty .elementor-widget-empty-icon,.e-con>.elementor-widget-spacer.elementor-widget-empty .elementor-widget-empty-icon{position:absolute;top:0;bottom:0;left:0;right:0;margin:auto;padding:0;width:22px;height:22px}<\/style>\t\t<div class=\"elementor-spacer\">\n\t\t\t<div class=\"elementor-spacer-inner\"><\/div>\n\t\t<\/div>\n\t\t\t\t<\/div>\n\t\t\t\t<\/div>\n\t\t\t\t<div class=\"elementor-element elementor-element-f2748aa elementor-widget elementor-widget-heading\" data-id=\"f2748aa\" data-element_type=\"widget\" data-widget_type=\"heading.default\">\n\t\t\t\t<div class=\"elementor-widget-container\">\n\t\t\t<h2 class=\"elementor-heading-title elementor-size-default\">Hike from Lin Corvo to Jo\u00e3o Afonso<\/h2>\t\t<\/div>\n\t\t\t\t<\/div>\n\t\t\t\t<div class=\"elementor-element elementor-element-79b6758 elementor-arrows-position-inside elementor-pagination-position-outside elementor-widget elementor-widget-image-carousel\" data-id=\"79b6758\" data-element_type=\"widget\" data-settings=\"{&quot;navigation&quot;:&quot;both&quot;,&quot;autoplay&quot;:&quot;yes&quot;,&quot;pause_on_hover&quot;:&quot;yes&quot;,&quot;pause_on_interaction&quot;:&quot;yes&quot;,&quot;autoplay_speed&quot;:5000,&quot;infinite&quot;:&quot;yes&quot;,&quot;speed&quot;:500}\" data-widget_type=\"image-carousel.default\">\n\t\t\t\t<div class=\"elementor-widget-container\">\n\t\t\t<style>\/*! elementor - v3.19.0 - 07-02-2024 *\/\n.elementor-widget-image-carousel .swiper,.elementor-widget-image-carousel .swiper-container{position:static}.elementor-widget-image-carousel .swiper-container .swiper-slide figure,.elementor-widget-image-carousel .swiper .swiper-slide figure{line-height:inherit}.elementor-widget-image-carousel .swiper-slide{text-align:center}.elementor-image-carousel-wrapper:not(.swiper-container-initialized):not(.swiper-initialized) .swiper-slide{max-width:calc(100% \/ var(--e-image-carousel-slides-to-show, 3))}<\/style>\t\t<div class=\"elementor-image-carousel-wrapper swiper\" dir=\"ltr\">\n\t\t\t<div class=\"elementor-image-carousel swiper-wrapper\" aria-live=\"off\">\n\t\t\t\t\t\t\t\t<div class=\"swiper-slide\" role=\"group\" aria-roledescription=\"slide\" aria-label=\"1 of 5\"><a data-elementor-open-lightbox=\"yes\" data-elementor-lightbox-slideshow=\"79b6758\" data-elementor-lightbox-title=\"LIN DE CORVO TO JOAO AFONSO SANTO ANTAO CAPE VERDE TOURS TREKKING (1)\" data-e-action-hash=\"#elementor-action%3Aaction%3Dlightbox%26settings%3DeyJpZCI6MTQyOSwidXJsIjoiaHR0cHM6XC9cL3NhbnRvYW50YW90b3Vycy5jdlwvdHJla2tpbmdcL3dwLWNvbnRlbnRcL3VwbG9hZHNcLzIwMjRcLzA0XC9MSU4tREUtQ09SVk8tVE8tSk9BTy1BRk9OU08tU0FOVE8tQU5UQU8tQ0FQRS1WRVJERS1UT1VSUy1UUkVLS0lORy0xLmpwZyIsInNsaWRlc2hvdyI6Ijc5YjY3NTgifQ%3D%3D\" href=\"https:\/\/santoantaotours.cv\/trekking\/wp-content\/uploads\/2024\/04\/LIN-DE-CORVO-TO-JOAO-AFONSO-SANTO-ANTAO-CAPE-VERDE-TOURS-TREKKING-1.jpg\"><figure class=\"swiper-slide-inner\"><img decoding=\"async\" class=\"swiper-slide-image\" src=\"https:\/\/santoantaotours.cv\/trekking\/wp-content\/uploads\/elementor\/thumbs\/LIN-DE-CORVO-TO-JOAO-AFONSO-SANTO-ANTAO-CAPE-VERDE-TOURS-TREKKING-1-qmdfrfx5ugiyv88jy7o8qcedpifzugfbpwcvfbv6q8.jpg\" alt=\"LIN DE CORVO TO JOAO AFONSO SANTO ANTAO CAPE VERDE TOURS TREKKING (1)\" \/><\/figure><\/a><\/div><div class=\"swiper-slide\" role=\"group\" aria-roledescription=\"slide\" aria-label=\"2 of 5\"><a data-elementor-open-lightbox=\"yes\" data-elementor-lightbox-slideshow=\"79b6758\" data-elementor-lightbox-title=\"Lin de corvo to joao afonso santo antao cape verde tours trekking (2)\" data-e-action-hash=\"#elementor-action%3Aaction%3Dlightbox%26settings%3DeyJpZCI6MTQzMCwidXJsIjoiaHR0cHM6XC9cL3NhbnRvYW50YW90b3Vycy5jdlwvdHJla2tpbmdcL3dwLWNvbnRlbnRcL3VwbG9hZHNcLzIwMjRcLzA0XC9MaW4tZGUtY29ydm8tdG8tam9hby1hZm9uc28tc2FudG8tYW50YW8tY2FwZS12ZXJkZS10b3Vycy10cmVra2luZy0yLmpwZyIsInNsaWRlc2hvdyI6Ijc5YjY3NTgifQ%3D%3D\" href=\"https:\/\/santoantaotours.cv\/trekking\/wp-content\/uploads\/2024\/04\/Lin-de-corvo-to-joao-afonso-santo-antao-cape-verde-tours-trekking-2.jpg\"><figure class=\"swiper-slide-inner\"><img decoding=\"async\" class=\"swiper-slide-image\" src=\"https:\/\/santoantaotours.cv\/trekking\/wp-content\/uploads\/elementor\/thumbs\/Lin-de-corvo-to-joao-afonso-santo-antao-cape-verde-tours-trekking-2-qmdfrgv01ak96u76sq2vau5uawbd25j2210cwltsk0.jpg\" alt=\"Lin de corvo to joao afonso santo antao cape verde tours trekking (2)\" \/><\/figure><\/a><\/div><div class=\"swiper-slide\" role=\"group\" aria-roledescription=\"slide\" aria-label=\"3 of 5\"><a data-elementor-open-lightbox=\"yes\" data-elementor-lightbox-slideshow=\"79b6758\" data-elementor-lightbox-title=\"LIN DE CORVO TO JOAO AFONSO SANTO ANTAO CAPE VERDE TOURS TREKKING (3)\" data-e-action-hash=\"#elementor-action%3Aaction%3Dlightbox%26settings%3DeyJpZCI6MTQzMSwidXJsIjoiaHR0cHM6XC9cL3NhbnRvYW50YW90b3Vycy5jdlwvdHJla2tpbmdcL3dwLWNvbnRlbnRcL3VwbG9hZHNcLzIwMjRcLzA0XC9MSU4tREUtQ09SVk8tVE8tSk9BTy1BRk9OU08tU0FOVE8tQU5UQU8tQ0FQRS1WRVJERS1UT1VSUy1UUkVLS0lORy0zLmpwZyIsInNsaWRlc2hvdyI6Ijc5YjY3NTgifQ%3D%3D\" href=\"https:\/\/santoantaotours.cv\/trekking\/wp-content\/uploads\/2024\/04\/LIN-DE-CORVO-TO-JOAO-AFONSO-SANTO-ANTAO-CAPE-VERDE-TOURS-TREKKING-3.jpg\"><figure class=\"swiper-slide-inner\"><img decoding=\"async\" class=\"swiper-slide-image\" src=\"https:\/\/santoantaotours.cv\/trekking\/wp-content\/uploads\/elementor\/thumbs\/LIN-DE-CORVO-TO-JOAO-AFONSO-SANTO-ANTAO-CAPE-VERDE-TOURS-TREKKING-3-qmdfriqoeymtu24ghqw4ftorho23hjqiqabbv5r07k.jpg\" alt=\"LIN DE CORVO TO JOAO AFONSO SANTO ANTAO CAPE VERDE TOURS TREKKING (3)\" \/><\/figure><\/a><\/div><div class=\"swiper-slide\" role=\"group\" aria-roledescription=\"slide\" aria-label=\"4 of 5\"><a data-elementor-open-lightbox=\"yes\" data-elementor-lightbox-slideshow=\"79b6758\" data-elementor-lightbox-title=\"LIN DE CORVO TO JOAO AFONSO SANTO ANTAO CAPE VERDE TOURS TREKKING (4)\" data-e-action-hash=\"#elementor-action%3Aaction%3Dlightbox%26settings%3DeyJpZCI6MTQzMiwidXJsIjoiaHR0cHM6XC9cL3NhbnRvYW50YW90b3Vycy5jdlwvdHJla2tpbmdcL3dwLWNvbnRlbnRcL3VwbG9hZHNcLzIwMjRcLzA0XC9MSU4tREUtQ09SVk8tVE8tSk9BTy1BRk9OU08tU0FOVE8tQU5UQU8tQ0FQRS1WRVJERS1UT1VSUy1UUkVLS0lORy00LmpwZyIsInNsaWRlc2hvdyI6Ijc5YjY3NTgifQ%3D%3D\" href=\"https:\/\/santoantaotours.cv\/trekking\/wp-content\/uploads\/2024\/04\/LIN-DE-CORVO-TO-JOAO-AFONSO-SANTO-ANTAO-CAPE-VERDE-TOURS-TREKKING-4.jpg\"><figure class=\"swiper-slide-inner\"><img decoding=\"async\" class=\"swiper-slide-image\" src=\"https:\/\/santoantaotours.cv\/trekking\/wp-content\/uploads\/elementor\/thumbs\/LIN-DE-CORVO-TO-JOAO-AFONSO-SANTO-ANTAO-CAPE-VERDE-TOURS-TREKKING-4-qmdfrjoilso45o33c9ar0bg831xgp8u92eytcfpm1c.jpg\" alt=\"LIN DE CORVO TO JOAO AFONSO SANTO ANTAO CAPE VERDE TOURS TREKKING (4)\" \/><\/figure><\/a><\/div><div class=\"swiper-slide\" role=\"group\" aria-roledescription=\"slide\" aria-label=\"5 of 5\"><a data-elementor-open-lightbox=\"yes\" data-elementor-lightbox-slideshow=\"79b6758\" data-elementor-lightbox-title=\"LIN DE CORVO TO JOAO AFONSO SANTO ANTAO CAPE VERDE TOURS TREKKING (5)\" data-e-action-hash=\"#elementor-action%3Aaction%3Dlightbox%26settings%3DeyJpZCI6MTQzMywidXJsIjoiaHR0cHM6XC9cL3NhbnRvYW50YW90b3Vycy5jdlwvdHJla2tpbmdcL3dwLWNvbnRlbnRcL3VwbG9hZHNcLzIwMjRcLzA0XC9MSU4tREUtQ09SVk8tVE8tSk9BTy1BRk9OU08tU0FOVE8tQU5UQU8tQ0FQRS1WRVJERS1UT1VSUy1UUkVLS0lORy01LmpwZyIsInNsaWRlc2hvdyI6Ijc5YjY3NTgifQ%3D%3D\" href=\"https:\/\/santoantaotours.cv\/trekking\/wp-content\/uploads\/2024\/04\/LIN-DE-CORVO-TO-JOAO-AFONSO-SANTO-ANTAO-CAPE-VERDE-TOURS-TREKKING-5.jpg\"><figure class=\"swiper-slide-inner\"><img decoding=\"async\" class=\"swiper-slide-image\" src=\"https:\/\/santoantaotours.cv\/trekking\/wp-content\/uploads\/elementor\/thumbs\/LIN-DE-CORVO-TO-JOAO-AFONSO-SANTO-ANTAO-CAPE-VERDE-TOURS-TREKKING-5-qmdfrkmcsmpeha1q6rpdkt7oofstwxxzejmatpo7v4.jpg\" alt=\"LIN DE CORVO TO JOAO AFONSO SANTO ANTAO CAPE VERDE TOURS TREKKING (5)\" \/><\/figure><\/a><\/div>\t\t\t<\/div>\n\t\t\t\t\t\t\t\t\t\t\t\t<div class=\"elementor-swiper-button elementor-swiper-button-prev\" role=\"button\" tabindex=\"0\">\n\t\t\t\t\t\t<svg aria-hidden=\"true\" class=\"e-font-icon-svg e-eicon-chevron-left\" viewBox=\"0 0 1000 1000\" xmlns=\"http:\/\/www.w3.org\/2000\/svg\"><path d=\"M646 125C629 125 613 133 604 142L308 442C296 454 292 471 292 487 292 504 296 521 308 533L604 854C617 867 629 875 646 875 663 875 679 871 692 858 704 846 713 829 713 812 713 796 708 779 692 767L438 487 692 225C700 217 708 204 708 187 708 171 704 154 692 142 675 129 663 125 646 125Z\"><\/path><\/svg>\t\t\t\t\t<\/div>\n\t\t\t\t\t<div class=\"elementor-swiper-button elementor-swiper-button-next\" role=\"button\" tabindex=\"0\">\n\t\t\t\t\t\t<svg aria-hidden=\"true\" class=\"e-font-icon-svg e-eicon-chevron-right\" viewBox=\"0 0 1000 1000\" xmlns=\"http:\/\/www.w3.org\/2000\/svg\"><path d=\"M696 533C708 521 713 504 713 487 713 471 708 454 696 446L400 146C388 133 375 125 354 125 338 125 325 129 313 142 300 154 292 171 292 187 292 204 296 221 308 233L563 492 304 771C292 783 288 800 288 817 288 833 296 850 308 863 321 871 338 875 354 875 371 875 388 867 400 854L696 533Z\"><\/path><\/svg>\t\t\t\t\t<\/div>\n\t\t\t\t\n\t\t\t\t\t\t\t\t\t<div class=\"swiper-pagination\"><\/div>\n\t\t\t\t\t\t\t\t\t<\/div>\n\t\t\t\t<\/div>\n\t\t\t\t<\/div>\n\t\t\t\t<div class=\"elementor-element elementor-element-2e88aad elementor-widget elementor-widget-menu-anchor\" data-id=\"2e88aad\" data-element_type=\"widget\" data-widget_type=\"menu-anchor.default\">\n\t\t\t\t<div class=\"elementor-widget-container\">\n\t\t\t<style>\/*! elementor - v3.19.0 - 07-02-2024 *\/\nbody.elementor-page .elementor-widget-menu-anchor{margin-bottom:0}<\/style>\t\t<div id=\"day1\" class=\"elementor-menu-anchor\"><\/div>\n\t\t\t\t<\/div>\n\t\t\t\t<\/div>\n\t\t\t\t<div class=\"elementor-element elementor-element-be198da elementor-widget elementor-widget-text-editor\" data-id=\"be198da\" data-element_type=\"widget\" data-widget_type=\"text-editor.default\">\n\t\t\t\t<div class=\"elementor-widget-container\">\n\t\t\t<style>\/*! elementor - v3.19.0 - 07-02-2024 *\/\n.elementor-widget-text-editor.elementor-drop-cap-view-stacked .elementor-drop-cap{background-color:#69727d;color:#fff}.elementor-widget-text-editor.elementor-drop-cap-view-framed .elementor-drop-cap{color:#69727d;border:3px solid;background-color:transparent}.elementor-widget-text-editor:not(.elementor-drop-cap-view-default) .elementor-drop-cap{margin-top:8px}.elementor-widget-text-editor:not(.elementor-drop-cap-view-default) .elementor-drop-cap-letter{width:1em;height:1em}.elementor-widget-text-editor .elementor-drop-cap{float:left;text-align:center;line-height:1;font-size:50px}.elementor-widget-text-editor .elementor-drop-cap-letter{display:inline-block}<\/style>\t\t\t\t<p><strong>Duration: 4 hours, <\/strong><strong>+100 -1200, <\/strong><strong>Distance: 8 km<\/strong><\/p><p>The hike from Lin de Corvo to Jo\u00e3o Afonso on the island of Santo Ant\u00e3o offers an adventurous and scenic experience through some of the island&#8217;s most beautiful landscapes. This trek is perfect for nature lovers and hiking enthusiasts, providing breathtaking views and a chance to explore the unique terrain of Santo Ant\u00e3o.<\/p><p>Leaving Lin de Corvo, the trail winds through a series of rocky paths and terraced fields. The terrain is rugged, with sections of descents. The initial part of the hike offers panoramic views of the surrounding valleys and mountains.<\/p><p>Arriving in Jo\u00e3o Afonso, you&#8217;ll be greeted by the tranquil atmosphere of the village.\u00a0 Meet the locals, and perhaps enjoy a meal at a local eatery(must be booked in advance). The end of the hike offers a sense of accomplishment and a chance to relax and reflect on your journey.<\/p><p>ATT:<br \/>\u00a0The walking time\u00a0 given as an indication and is not contractual. Hiking times may vary depending on the physical condition of the guests or the weather conditions.<\/p><p>\u00a0<\/p>\t\t\t\t\t\t<\/div>\n\t\t\t\t<\/div>\n\t\t\t\t\t<\/div>\n\t\t\t\t<\/div>\n\t\t<div class=\"elementor-element elementor-element-db3721f e-flex e-con-boxed e-con e-parent\" data-id=\"db3721f\" data-element_type=\"container\" data-settings=\"{&quot;content_width&quot;:&quot;boxed&quot;}\" data-core-v316-plus=\"true\">\n\t\t\t\t\t<div class=\"e-con-inner\">\n\t\t\t\t<div class=\"elementor-element elementor-element-624fc20 elementor-widget elementor-widget-spacer\" data-id=\"624fc20\" data-element_type=\"widget\" data-widget_type=\"spacer.default\">\n\t\t\t\t<div class=\"elementor-widget-container\">\n\t\t\t\t\t<div class=\"elementor-spacer\">\n\t\t\t<div class=\"elementor-spacer-inner\"><\/div>\n\t\t<\/div>\n\t\t\t\t<\/div>\n\t\t\t\t<\/div>\n\t\t\t\t<div class=\"elementor-element elementor-element-0ec3637 elementor-widget elementor-widget-heading\" data-id=\"0ec3637\" data-element_type=\"widget\" data-widget_type=\"heading.default\">\n\t\t\t\t<div class=\"elementor-widget-container\">\n\t\t\t<h2 class=\"elementor-heading-title elementor-size-default\">Book Now<\/h2>\t\t<\/div>\n\t\t\t\t<\/div>\n\t\t\t\t<div class=\"elementor-element elementor-element-b0de4e7 elementor-widget elementor-widget-shortcode\" data-id=\"b0de4e7\" data-element_type=\"widget\" data-widget_type=\"shortcode.default\">\n\t\t\t\t<div class=\"elementor-widget-container\">\n\t\t\t\t\t<div class=\"elementor-shortcode\">\n<div class=\"wpcf7 no-js\" id=\"wpcf7-f923-o1\" lang=\"en-US\" dir=\"ltr\">\n<div class=\"screen-reader-response\"><p role=\"status\" aria-live=\"polite\" aria-atomic=\"true\"><\/p> <ul><\/ul><\/div>\n<form action=\"\/trekking\/wp-json\/wp\/v2\/pages\/1424#wpcf7-f923-o1\" method=\"post\" class=\"wpcf7-form init\" aria-label=\"Contact form\" novalidate=\"novalidate\" data-status=\"init\">\n<div style=\"display: none;\">\n<input type=\"hidden\" name=\"_wpcf7\" value=\"923\" \/>\n<input type=\"hidden\" name=\"_wpcf7_version\" value=\"5.9.7\" \/>\n<input type=\"hidden\" name=\"_wpcf7_locale\" value=\"en_US\" \/>\n<input type=\"hidden\" name=\"_wpcf7_unit_tag\" value=\"wpcf7-f923-o1\" \/>\n<input type=\"hidden\" name=\"_wpcf7_container_post\" value=\"0\" \/>\n<input type=\"hidden\" name=\"_wpcf7_posted_data_hash\" value=\"\" \/>\n<\/div>\n<p><label> Your name<br \/>\n<span class=\"wpcf7-form-control-wrap\" data-name=\"your-name\"><input size=\"40\" maxlength=\"400\" class=\"wpcf7-form-control wpcf7-text wpcf7-validates-as-required\" autocomplete=\"name\" aria-required=\"true\" aria-invalid=\"false\" value=\"\" type=\"text\" name=\"your-name\" \/><\/span> <\/label>\n<\/p>\n<p><label> Your email<br \/>\n<span class=\"wpcf7-form-control-wrap\" data-name=\"your-email\"><input size=\"40\" maxlength=\"400\" class=\"wpcf7-form-control wpcf7-email wpcf7-validates-as-required wpcf7-text wpcf7-validates-as-email\" autocomplete=\"email\" aria-required=\"true\" aria-invalid=\"false\" value=\"\" type=\"email\" name=\"your-email\" \/><\/span> <\/label>\n<\/p>\n<p><label> Subject<br \/>\n<span class=\"wpcf7-form-control-wrap\" data-name=\"your-subject\"><input size=\"40\" maxlength=\"400\" class=\"wpcf7-form-control wpcf7-text wpcf7-validates-as-required\" aria-required=\"true\" aria-invalid=\"false\" value=\"\" type=\"text\" name=\"your-subject\" \/><\/span> <\/label>\n<\/p>\n<p><label> Your message (optional)<br \/>\n<span class=\"wpcf7-form-control-wrap\" data-name=\"your-message\"><textarea cols=\"40\" rows=\"10\" maxlength=\"2000\" class=\"wpcf7-form-control wpcf7-textarea\" aria-invalid=\"false\" name=\"your-message\"><\/textarea><\/span> <\/label>\n<\/p>\n<p><input class=\"wpcf7-form-control wpcf7-submit has-spinner\" type=\"submit\" value=\"Submit\" \/>\n<\/p><div class=\"wpcf7-response-output\" aria-hidden=\"true\"><\/div>\n<\/form>\n<\/div>\n<\/div>\n\t\t\t\t<\/div>\n\t\t\t\t<\/div>\n\t\t\t\t\t<\/div>\n\t\t\t\t<\/div>\n\t\t\t\t<\/div>\n\t\t","protected":false},"excerpt":{"rendered":"<p>HIKING Hike from Lin Corvo to Jo\u00e3o Afonso Duration: 4 hours, +100 -1200, Distance: 8 km The hike from Lin de Corvo to Jo\u00e3o Afonso on the island of Santo Ant\u00e3o offers an adventurous and scenic experience through some of the island&#8217;s most beautiful landscapes. This trek is perfect for nature lovers and hiking enthusiasts, [&hellip;]<\/p>\n","protected":false},"author":1,"featured_media":0,"parent":0,"menu_order":0,"comment_status":"closed","ping_status":"closed","template":"","meta":{"om_disable_all_campaigns":false,"_monsterinsights_skip_tracking":false,"_monsterinsights_sitenote_active":false,"_monsterinsights_sitenote_note":"","_monsterinsights_sitenote_category":0,"site-sidebar-layout":"no-sidebar","site-content-layout":"page-builder","ast-site-content-layout":"","site-content-style":"default","site-sidebar-style":"default","ast-global-header-display":"","ast-banner-title-visibility":"","ast-main-header-display":"","ast-hfb-above-header-display":"","ast-hfb-below-header-display":"","ast-hfb-mobile-header-display":"","site-post-title":"disabled","ast-breadcrumbs-content":"","ast-featured-img":"","footer-sml-layout":"","theme-transparent-header-meta":"enabled","adv-header-id-meta":"","stick-header-meta":"","header-above-stick-meta":"","header-main-stick-meta":"","header-below-stick-meta":"","astra-migrate-meta-layouts":"default","ast-page-background-enabled":"default","ast-page-background-meta":{"desktop":{"background-color":"","background-image":"","background-repeat":"repeat","background-position":"center center","background-size":"auto","background-attachment":"scroll","background-type":"","background-media":"","overlay-type":"","overlay-color":"","overlay-gradient":""},"tablet":{"background-color":"","background-image":"","background-repeat":"repeat","background-position":"center center","background-size":"auto","background-attachment":"scroll","background-type":"","background-media":"","overlay-type":"","overlay-color":"","overlay-gradient":""},"mobile":{"background-color":"","background-image":"","background-repeat":"repeat","background-position":"center center","background-size":"auto","background-attachment":"scroll","background-type":"","background-media":"","overlay-type":"","overlay-color":"","overlay-gradient":""}},"ast-content-background-meta":{"desktop":{"background-color":"var(--ast-global-color-5)","background-image":"","background-repeat":"repeat","background-position":"center center","background-size":"auto","background-attachment":"scroll","background-type":"","background-media":"","overlay-type":"","overlay-color":"","overlay-gradient":""},"tablet":{"background-color":"var(--ast-global-color-5)","background-image":"","background-repeat":"repeat","background-position":"center center","background-size":"auto","background-attachment":"scroll","background-type":"","background-media":"","overlay-type":"","overlay-color":"","overlay-gradient":""},"mobile":{"background-color":"var(--ast-global-color-5)","background-image":"","background-repeat":"repeat","background-position":"center center","background-size":"auto","background-attachment":"scroll","background-type":"","background-media":"","overlay-type":"","overlay-color":"","overlay-gradient":""}},"powered_cache_disable_cache":false,"footnotes":""},"class_list":["post-1424","page","type-page","status-publish","hentry"],"aioseo_notices":[],"_links":{"self":[{"href":"https:\/\/santoantaotours.cv\/trekking\/wp-json\/wp\/v2\/pages\/1424","targetHints":{"allow":["GET"]}}],"collection":[{"href":"https:\/\/santoantaotours.cv\/trekking\/wp-json\/wp\/v2\/pages"}],"about":[{"href":"https:\/\/santoantaotours.cv\/trekking\/wp-json\/wp\/v2\/types\/page"}],"author":[{"embeddable":true,"href":"https:\/\/santoantaotours.cv\/trekking\/wp-json\/wp\/v2\/users\/1"}],"replies":[{"embeddable":true,"href":"https:\/\/santoantaotours.cv\/trekking\/wp-json\/wp\/v2\/comments?post=1424"}],"version-history":[{"count":19,"href":"https:\/\/santoantaotours.cv\/trekking\/wp-json\/wp\/v2\/pages\/1424\/revisions"}],"predecessor-version":[{"id":2289,"href":"https:\/\/santoantaotours.cv\/trekking\/wp-json\/wp\/v2\/pages\/1424\/revisions\/2289"}],"wp:attachment":[{"href":"https:\/\/santoantaotours.cv\/trekking\/wp-json\/wp\/v2\/media?parent=1424"}],"curies":[{"name":"wp","href":"https:\/\/api.w.org\/{rel}","templated":true}]}}